 Determine u(m).
-4
Let m(g) = -12*g - 2 + 2 - 1. Let d be (2/((-11)/((-110)/20)))/(-1). Give m(d).
11
Suppose -7*g - 3*r + 8 = -3*g, -2*g = 2*r - 4. Let i(l) = 4*l + l**g + 6*l + 17 - 5. Suppose 0 = 109*s - 608 + 1480. Give i(s).
-4
Suppose 40 + 12 = 4*t. Let c be -5 + t/((-39)/(-18)). Let m(i) = -i**2 + i - 1. Determine m(c).
-1
Let f(k) = k. Let v be 19 - (0 + 2 - 3). Let i = -27 + 31. Suppose -d = i*d + v. Give f(d).
-4
Suppose -5*w - 4*i - 5 = 11, -20 = -2*w + 5*i. Let b(v) = -v**2 + 2*v + 6. Give b(w).
6
Let y(n) = n**2 - 5*n + 6. Let i be y(4). Suppose 5 = 5*c + z - 21, 4*z = -3*c + i. Let k be (7/3 + -1)/(2/c). Let g(q) = q**3 - 5*q**2 - q. What is g(k)?
-20
Let p(w) be the first derivative of -w - 17/3*w**3 + 1 - 1/2*w**2. Calculate p(-1).
-17
Let t = 10301 + -10273. Let z(k) = -k**2 + 24*k + 104. Give z(t).
-8
Suppose -100 = -2*a - a + 13*a. Let c(s) = 4*s + 41. Determine c(a).
1
Let q(v) = -5*v - 14*v - 8*v + 8*v**2 - 1 + 31*v - v. Calculate q(-2).
25
Let a(w) = -w**3 + 2*w + 1. Let y be a(-1). Suppose y = -47*g + 49*g - 4. Suppose l - i = 7, 2*i + 7 = -l + g*l. Let d(n) = -n**2 + 7*n - 6. Give d(l).
-6
Suppose 0 = -3*k + 3*h - 18, 28 = -3*k + 5*h - 0. Suppose -7*r + 10*r = 108. Let c(a) = r*a + 0 - 44*a - 1. What is c(k)?
7
Suppose 2*y + 4*x + 23 = 3, 0 = 2*x + 6. Let u be -1*(-2)/y*(6 - 6). Let a(o) = o - 2. What is a(u)?
-2
Let m be (-9)/(5/(-20) + (-9)/12). Let x be ((-70)/(-15))/(6/m) + 1. Let z(r) = -x*r + 7*r - 2*r + 1. Determine z(4).
-11
Let w = -129124 + 129130. Let j(g) = -2 - 3*g - g**3 + 2*g**2 + 5*g**2 - 2. Calculate j(w).
14
Suppose -18*h = 263 - 29. Let d(o) = -809 + 413 + o + 413. Calculate d(h).
4
Let p(d) = -d**2 - 8*d - 3. Let y be (-10)/(50/35) - -23. Suppose 0 = -4*b + f + 1 - y, 2*b + 3*f = -11. What is p(b)?
13
Let y(f) = 212*f - 98. Let w(s) = -13*s + 2. Let u(z) = 16*w(z) + y(z). Determine u(13).
-14
Let y(b) = 276*b + 281*b + 277*b + 281*b - 3*b**2 - 1120*b - 12. Determine y(-5).
-62
Let i(z) = 3*z + 1. Suppose 3*q + 4 = 2*n, -4*q + 33 = 9*n - 4*n. Suppose -4*c + 10 = q*r, 3*c - 15 = -3*r - 6. Give i(c).
7
Let k be (-5 - 0)*(11 + 59/(-5)). Let s(p) = 11 - p - 19 + k*p - 2*p. Calculate s(7).
-1
Let a(y) = -4*y**2 - y**2 + 7 - 45*y + 44*y - 4. Suppose -79*m + 675 = 146*m. Calculate a(m).
-45
Let h(k) = -k**3 - 2*k + 1. Let f(i) = -2*i**3 + 6*i**2 - 16*i - 5. Let b(l) = f(l) - 3*h(l). Let d be 2/((-6)/(-21))*(-3)/3. Give b(d).
13
Let i(l) = -l**3 - 24*l**2 + 53*l + 28. Let r be i(-26). Let v(x) = 7*x + 125 - 59 + 0*x - 67. Calculate v(r).
13
Let l = -72 + 77. Let r = l + -3. Let k be -4*r*5/(-10). Let o(m) = m - 2. What is o(k)?
2
Let o be 6/(-69) - 5460/(-897). Let u(v) = v**2 - 7*v + 6. Determine u(o).
0
Let o(k) = -23*k**2 + k + 14. Let g(y) = 50*y**2 - y - 31. Let n(x) = 6*g(x) + 13*o(x). Let r(w) = -w**2 - 11*w - 7. Let t be r(-11). Calculate n(t).
-4
Let u(r) = 6*r**3 + 1 - 5*r**2 - 18*r**3 - 2 + r**2 + 11*r**3 - 2*r. Let t = 49 + -46. Let y be (-2)/(2/2 + (-1)/t). Determine u(y).
-4
Let b(y) = y**3 + 18*y**2 + 110*y + 753. Let n be b(-14). Let s(v) = v**2 - 7*v - 33. Determine s(n).
-3
Let u(w) be the second derivative of w**5/20 + 5*w**4/12 + w**3/6 + 5*w**2/2 - 2921*w. What is u(-6)?
-37
Let x(t) = t - 13. Let n(m) be the third derivative of m**4/8 + 4*m**3 - 9*m**2 + 1. Let b be n(-8). Give x(b).
-13
Let i be (-1 - -5) + (22/4 - 9). Let a(g) be the first derivative of -g - 4 + i*g**2. What is a(-3)?
-4
Suppose -f = -6 - 1. Let w(r) = -98*r + 2. Let o(p) = 137*p - 2. Let k(g) = 5*o(g) + 7*w(g). What is k(f)?
-3
Suppose -15 = -l + 5*x, -4*x + 25 + 11 = 4*l. Let t(r) be the first derivative of -3*r**2/2 + 5*r + 24. What is t(l)?
-25
Let p(a) = 18*a - 11*a + 59 + 15*a + a**2 + 6*a. What is p(-24)?
-37
Let h = 779 + -1371. Let f = 605 + h. Let c(g) = g**2 - 13*g - 5. Determine c(f).
-5
Let s = 5 + 129. Let a be s*((-9)/(-6) - 2). Let m = 60 + a. Let r(f) = f**2 + 9*f - 5. What is r(m)?
-19
Suppose -m + 67*n = 63*n + 13, -2*n = 2*m + 6. Let i(y) = -36*y - 169. What is i(m)?
11
Let u(r) be the third derivative of 3*r**5/10 + r**4/4 - 7*r**3/6 - 639*r**2. Determine u(2).
77
Let u(b) be the first derivative of b**3/3 - b**2/2 - 61*b - 7323. Determine u(8).
-5
Let k be 1 + -11 + 8 + -1 + 143. Suppose k = -44*u + 64*u. Let z(c) = -3*c. Let t(f) = f. Let a(x) = 11*t(x) + 4*z(x). Give a(u).
-7
Let c(f) be the third derivative of f**5/30 + 9*f**4/8 - 11*f**3/6 - 45*f**2 + 34*f. Give c(-14).
3
Let a(m) = 76*m**3 - 130*m**2 - 47*m - 30. Let c(g) = -103*g**3 + 173*g**2 + 63*g + 40. Let b(k) = 15*a(k) + 11*c(k). Determine b(7).
4
Let w = -18564 + 18568. Let s(o) = -o**3 + 5*o**2 - 12. Give s(w).
4
Suppose 4 = 458*o - 457*o. Let k(a) = 5*a**3 - a**2 - 5*a + 1. Let q(m) = -2*m**3 + 2*m. Let h(l) = 3*k(l) + 7*q(l). Determine h(o).
15
Let j(g) = 6*g + 1 + 3 + 43*g**2 - 42*g**2. Let m(p) = -2*p + 1. Let k be m(3). Calculate j(k).
-1
Let v(y) = 23*y + 295. Let s be v(-13). Let j(i) = 3*i + 13. Determine j(s).
1
Let m(s) = -13*s**3 + 4*s**2 + 2*s + 14. Let t(z) = 67*z**3 - 21*z**2 - 9*z - 71. Let y(d) = -31*m(d) - 6*t(d). Determine y(-3).
7
Let j(r) = 46*r**3 + 14*r**2 - 56*r - 18 - 47*r**3 + 45*r. Let h(b) = -4*b**2 - 56*b + 13. Let p be h(-14). Calculate j(p).
8
Let b(g) = 137*g - 4 + 4 - 77*g + 7 - g**2 - 71*g. Determine b(-11).
7
Let o(a) be the first derivative of -48 - 2*a + a**2 + 5/3*a**3. Calculate o(3).
49
Let c(l) = l**3 - 6*l**2 - 6*l - 9. Suppose -13*o - 289 = -380. What is c(o)?
-2
Let g(i) = -3*i**2 + 1. Let b(v) = -v**2 + 2*v + 17. Suppose 13*u + 9*u - 110 = 0. Let q be b(u). Determine g(q).
-11
Let u be ((-12)/9)/((-4)/(-30)). Let b be 39/15 + 1 + 6/u. Suppose -3 = 8*g - b. Let s(c) = -c**2 - c - 6. What is s(g)?
-6
Suppose 8*r - 2*q + 22 = 5*r, -3*q + 48 = -7*r. Let m(h) = h**3 + 6*h**2 - 7*h - 12. Calculate m(r).
30
Let j be (-2)/((-12)/1) - 75/18. Let l be (-1)/(j/26) + (-130)/260. Let i(y) = -y + 5. Determine i(l).
-1
Let q(n) = 53*n**3 + n + 2 + 33 + 34*n**2 + 2*n**2 - 52*n**3. Let v be q(-36). Let x(p) = -37*p**3 - 2*p**2 - p. Calculate x(v).
36
Suppose 2*i + 4 = -5*k, 0 = 2*i + 2*i + k - 10. Suppose -5*p - i*t = 10 - 1, p = -3*t - 9. Let d(h) = 5 + h + h**2 - 2*h - 2*h**2. Determine d(p).
5
Let d = -20446 - -245353/12. Let b(i) be the second derivative of 17*i + 5/6*i**3 + 0 - d*i**4 + 3/2*i**2. Calculate b(4).
7
Let o(b) be the third derivative of b**8/20160 + b**7/1008 - b**6/144 + 11*b**5/20 - b**3/3 - 36*b**2. Let k(x) be the third derivative of o(x). What is k(-4)?
-9
Let c(a) = -a**3 + 6*a**2 + 6*a. Let y be c(7). Let x(n) = -12*n + 9*n + 16 - n + 3*n + 4*n. Calculate x(y).
-5
Let a = -338 + 413. Suppose -69*g = -a*g + 12. Let w(u) be the third derivative of -u**6/120 + u**5/60 + u**4/12 - u**3/3 - u**2. What is w(g)?
-2
Suppose 40 = 9*n + 31. Let j(c) = -21*c + 3. Determine j(n).
-18
Let j(f) = -8*f**3 - 3*f**2 - 3*f - 1. Let p(y) = -11*y**3 - 3*y**2 - 4*y - 1. Let k(l) = 7*j(l) - 5*p(l). Let i = -2 + -4. What is k(i)?
4
Let u(w) be the first derivative of -4*w**3/3 - 31*w**2 + 12*w - 2485. Give u(-16).
-20
Let f(g) = -2*g + 6. Let r = -114 - -127. Let y(t) = t**2 - 12*t - 9. Let o be y(r). Suppose -5*c - s = -38, o*c - 4*s + 19 = 5*c. Give f(c).
-8
Let r(b) = b**2 + 27*b + 74. Let z = -8278 + 8253. Give r(z).
24
Let k(s) = s**3 - 3*s**2 + 6*s + 13. Suppose 11 - 19 = -5*g + 3*z, 4*z = 16. Determine k(g).
53
Let y(m) be the second derivative of 3*m**5/20 + m**4/12 - m**3/6 - m**2/2 + m. Let k(t) = -18*t**2 - 119*t + 199. Let a be k(-8). Calculate y(a).
-2
Let o(r) = -169 - 7*r + 8*r - 2*r + 144. What is o(-11)?
-14
Let u(z) = z - 4. Let o(m) = 2*m**2 + 2*m - 12. Let f be o(-5). Suppose f = -15*d + 88. Let s be u(d). Let i(l) = -l + 4. Determine i(s).
4
Let k(y) = -y**2 - 8*y - 7. Let l be (0 - -5) + (-190)/38. Suppose l = d - 5*w - 9, 4*d + w - 5 = -32. Determine k(d).
5
Suppose 3*z = 5*y - 3, -18*y = -15*y - 5*z - 5. Let k(l) = l**3 - l**2 - l + 1. Calculate k(y).
1
Let o(b) = -2*b - 8. Let h be -112*29/(-232) + 0 + -9 + 2. Calculate o(h).
-22
Let p(y) = -6*y**2 + 2*y + 15. Let g(v) = 2*v**2 - v - 5. Let b(c) = 11*g(c) + 4*p(c). What is b(2)?
-9
Suppose 16 = 3*d + 4*b, 0 = -3*d - 2*d + 4*b + 16. Suppose -g + 2 = 3*i + 7, -d*g = 4*i + 4. Let y(w) = w + 1. Give y(i).
-1
Let i = 438 - 319. L